) - -1) is divided by 95/10 + (-2)/(-8)*2.
3
Suppose -433*q + 3647 = -426*q. Calculate the remainder when q is divided by 30.
11
Suppose -u = -d - 728, -2948 = -4*u + d - 36. Calculate the remainder when u is divided by 103.
7
Let r = 216 + -203. What is the remainder when 29 is divided by -9*(1 + r)/(-12 + 3)?
1
Suppose 3*q + 1 = -2*g - 5, 15 = -2*q - 5*g. Suppose 4*v + 109 = j + 5*v, -j + 3*v + 125 = q. Calculate the remainder when j is divided by 29.
26
What is the remainder when 989 - (-1 + (21 - 14)) is divided by 4?
3
Let k(o) = o**2 + 238*o - 1443. What is the remainder when 474 is divided by k(6)?
12
Suppose -185 = -5*h + 5*a, h + 25 = 2*h + 2*a. What is the remainder when h is divided by (6 + -1)*1 - (-16)/40*5?
5
Let c = 212 - 204. What is the remainder when (340/c)/(3/6) is divided by 21?
1
Let k(g) = g**3 + 15*g**2 + 23*g - 27. Let s be k(-13). What is the remainder when 27 is divided by 162/s - (-1)/(-6)*-3?
13
Suppose -3*c - 531 - 561 = -4*m, 4*c = m - 260. Calculate the remainder when 10762 is divided by m.
274
Calculate the remainder when (((-6)/3)/(-4))/(3/5238) is divided by 6.
3
Suppose -411*a + 420*a - 16380 = 0. Suppose -2*s - 376 = -i, 0 = 8*i - 3*i + 2*s - a. What is the remainder when i is divided by 74?
70
Let x(h) = 7*h - 76. Let r = -14 - -26. Calculate the remainder when 20 is divided by x(r).
4
Let q(h) = 0*h - 7*h + 5*h + 5*h**2 - h**3 + h**2 + 4. Let a(d) = 35*d. Calculate the remainder when a(1) is divided by q(5).
16
Let q = -108 + 106. Let k = 31 - 11. Let z = k + q. What is the remainder when z is divided by 10?
8
Suppose 78*t - 37*t + 7030 = 46*t. Calculate the remainder when t is divided by 73.
19
Let x(k) = -k**3 + 20*k**2 + 44*k + 20. Let v(c) = -c**2 - c + 12. Let u be 1*2/(-2) - -1. Calculate the remainder when x(22) is divided by v(u).
8
Let z = -269 + 201. Let n = z + 91. What is the remainder when (-111)/2*-1*2 is divided by n?
19
Let j(u) = u**3 - 12*u**2 + 21*u + 2. Let t(h) = -h**2 + 11*h - 20. Let d be t(5). Calculate the remainder when 27 is divided by j(d).
3
Let u(i) = 9*i - 19. Calculate the remainder when u(8) is divided by (377/26 + -9)*(-2 + 4).
9
Let m = -165 + 211. Let k(y) = -y**2 + 6*y - 3. Let g be k(2). Suppose -g*n + 60 = -0*n. What is the remainder when m is divided by n?
10
Suppose 4*c - 2282 = -52*c + 742. Suppose -4*l = u - 27, 2*l + l = -3. Calculate the remainder when c is divided by u.
23
Suppose -3173*d + 3160*d + 442 = 0. What is the remainder when 398 is divided by d?
24
Suppose 3*t + 25 = 4*t. Suppose 19 - 24 = -5*l + 5*h, 2*h + 2 = l. Suppose l*m + t = m. Calculate the remainder when 97 is divided by m.
22
Let n = -159 - -136. Let v = n + 42. What is the remainder when 49 is divided by v?
11
Let r = -162 + 116. Let f = r - -59. Suppose 4*k - 4*c - 296 = -6*c, 3*k - 2*c - 236 = 0. Calculate the remainder when k is divided by f.
11
Let l = -4761 + 4823. Calculate the remainder when 118 is divided by l.
56
Let y(j) = 22*j - 1654. Calculate the remainder when y(102) is divided by 94.
26
Let a = -4006 - -4124. Calculate the remainder when 2713 is divided by a.
117
Suppose 39*i - 37*i - q = 4260, 3*q + 2150 = i. What is the remainder when i is divided by 10?
6
Let m = 24 - 14. Suppose -4*g + m = g. Suppose 5*x + d + 37 - 202 = 0, 66 = g*x - 2*d. What is the remainder when 162 is divided by x?
30
Let l = -252 - -255. Suppose -53*y + 142 = -49*y - 2*v, -109 = -l*y - v. What is the remainder when 465 is divided by y?
33
Suppose -35*l + 50*l - 1950 = 0. What is the remainder when 56 is divided by l/8 + (-60)/240?
8
Let x be (-96)/(-7 - (-225)/36). Suppose -74*h = -78*h + x. What is the remainder when 112 is divided by h?
16
Let v(h) = -26*h - 4. Let d = 36 - 34. Suppose 0 = 3*i + t - 46, d*i + 3*t - 6 = 13. Calculate the remainder when v(-2) is divided by i.
14
Suppose -5*n - 3*c + 489 = 0, 3*n - 297 = -8*c + 5*c. What is the remainder when 92 is divided by n/36*1*12?
28
Let q = -7927 - -8013. What is the remainder when 347 is divided by q?
3
Suppose g - 3 = 0, g = 5*n - 0*g - 187. Let m(q) = q**2 - 12*q - 9. Let l be m(11). Calculate the remainder when n is divided by 3 + ((-8)/(-4))/(-1) - l.
17
Let n(t) = -t + 4. Let a be n(0). Suppose 3*i + 63 = a*i. Calculate the remainder when i is divided by 8.
7
Suppose 10 = k + 22. Let b be 3/(-1*2*(-9)/k). What is the remainder when (0 - -8)*((-15)/b + -2) is divided by 8?
4
Suppose -3*q + 102 = j, -5*j - 128 = -5*q + 42. What is the remainder when 229 is divided by q?
25
Suppose -11*x = 19*x - 1650. What is the remainder when x is divided by 3 - 1*(-6)/(-3)*-13?
26
Let a = 86 - -38. Suppose -y + f + 25 = 2*f, 4*f + a = 4*y. Let s(n) = -6*n - 157. What is the remainder when y is divided by s(-27)?
3
Let y(m) = -2*m**3 + 20*m**2 + 25*m - 34. Let q be 14 + 3*6/(-9) + -2. Calculate the remainder when y(q) is divided by 22.
18
Let j(k) = 438*k + 4887. Calculate the remainder when 602 is divided by j(-11).
50
What is the remainder when 232 is divided by 1/(8/78)*(-12360)/(-927)?
102
Let u(z) = 2*z**2 + 12*z + 13. Let g be u(-9). Let a = 132 - g. Suppose -h + 22 + 2 = -s, -3*h - 4*s + a = 0. Calculate the remainder when 65 is divided by h.
19
Suppose 5973*r = 5959*r + 21126. What is the remainder when r is divided by 371?
25
Let i = 7244 + -6712. Calculate the remainder when i is divided by 23.
3
Let y be 5/1 + 6 + 3930/(-6). Calculate the remainder when (2 + -2 + -2)/(46/y) is divided by 16.
12
Let j = 2746 + -1808. Calculate the remainder when j is divided by 59.
53
Let d(f) = -87*f**2 + 612*f - 12. Suppose 0 = 3*h + i - 48, 4*h - 5*i + 2*i - 77 = 0. Let b = h + 24. What is the remainder when b is divided by d(7)?
5
Let z = -61 - -106. Let t(n) = n**3 + 12*n**2 + 19*n + 12. Let y be t(-10). Let q(l) = l**2 - 21*l + 1. Calculate the remainder when z is divided by q(y).
22
Let n = 5111 - 5084. What is the remainder when 1883 is divided by n?
20
Let l(a) = -11 - a - 15*a + 6*a. Let r be l(5). Let t = r + 95. Calculate the remainder when 65 is divided by t.
31
Let x = -137 - -61. Let n = x + 80. What is the remainder when 137 is divided by -4*n/((-20)/35)?
25
Suppose -6*n + 29*n = -2*n + 4925. Calculate the remainder when 910 is divided by n.
122
Let u = -21 - 2. Let v be 22/55 + u/(-5). Suppose v*y - 9*y + 72 = 0. Calculate the remainder when 87 is divided by y.
15
Let j = -3437 - -3535. What is the remainder when j is divided by 5?
3
Suppose -2*i - 111 = -5*i. Let u = 742 + -744. Calculate the remainder when i is divided by 376/188*(-1)/(u/21).
16
Let h(w) = 25*w**2 + 183*w + 729. What is the remainder when h(-4) is divided by 11?
1
Suppose 0 = 18*f - 6*f - 36. Let i = f + 29. Let s = i - -16. What is the remainder when s is divided by 25?
23
Let r be (-5)/(-2)*-1*628/(-2). Let p = r + -645. What is the remainder when p is divided by 29?
24
Suppose 299*i + 136 = 301*i + 4*o, 0 = 2*i - 5*o - 91. What is the remainder when i is divided by (2 - 6/9)*9?
10
Suppose 0 = 5*q - 5, -5*q + 4 + 37 = -2*g. Let k be (g/10)/(3/(-15)). Suppose -4*d = c - 4, 0 = -5*d - k - 6. What is the remainder when 79 is divided by c?
15
Let a = -670 + 825. Let g(i) = -94*i - 418. What is the remainder when a is divided by g(-5)?
51
Calculate the remainder when (-1)/3 + (-66724)/(-48) + 430/1720 is divided by 4.
2
What is the remainder when 619 is divided by (-3)/12 + 57038/632?
79
Let o = 158 - 66. Suppose -5*n - 101 = -z, -9*z + 2*n = -4*z - 597. Let w = 140 - z. What is the remainder when o is divided by w?
16
Let u(w) = -38*w - 1034. Calculate the remainder when u(-29) is divided by 11.
2
Suppose -37 = -14*x + 5. Suppose -957 = -x*q + j, q - 6*j - 319 = -10*j. Calculate the remainder when q is divided by 14.
11
Suppose -3*t = -3*d + 151 + 341, 4*d - t - 644 = 0. Let c = d + -91. Calculate the remainder when 333 is divided by c.
57
Let s(x) = -x**2 + x - 2*x - 2*x - 42 + 26. Let i be s(-4). Let m(t) = t**3 + 20*t**2 - 6*t - 29. What is the remainder when m(i) is divided by 23?
22
Let u be 10/(-4)*(-12)/(-10). Suppose 855*s - 849*s - 204 = 0. What is the remainder when s is divided by (-1 - 13)/(6/u)?
6
Let w(t) = -12*t + 115. Let l be w(10). What is the remainder when 197 is divided by (-323)/(-13) + ((-630)/130 - l)?
22
Let g(p) = -2*p - 6. Suppose 0 = 4*d - 356 